igit of d/12 + (-1887)/(-9)?
2
Let v = -601 - -1975. What is the tens digit of v?
7
Let f(p) = -p**3 + 3*p**2 + 6*p - 6. Let m be f(4). Let i(j) = -4*j**2 + j**2 + m*j + 3*j**2 + 11*j**2. What is the tens digit of i(-2)?
4
Suppose -15 = 3*l, 114*k - 115*k = 3*l - 5808. What is the thousands digit of k?
5
Let w be (1 - 0)/((-2)/(-2))*5. Suppose w = -2*l + 9. Suppose d - 512 = -6*a + 2*a, -l*a + 266 = -2*d. What is the units digit of a?
9
Suppose 106443 = 2*r - 5*h, -3*r + 130*h - 126*h = -159633. What is the hundreds digit of r?
1
Let n(v) = 10556*v - 277. What is the tens digit of n(2)?
3
Let b(w) = -w**3 + 9*w**2 - 11*w + 14. Let h(k) = 2*k - 4. Let a be h(5). Let o be b(a). Suppose 0 + o = 2*y. What is the units digit of y?
8
Suppose 96 = 4*x + 2*x. Suppose 0 = x*n - 22*n + 3054. What is the units digit of n?
9
Suppose 0 = 151*o - 146*o + 10. What is the hundreds digit of 96/(((-12)/21)/o)?
3
Let o = -519 - -292. Let m = o + 558. What is the tens digit of m?
3
Let d(q) = -q**2 + 12*q + 8. Suppose 2*l - 41 = 27. Suppose -5*o + 2*k + l = 0, -4*o + 4*k + 17 = -k. What is the units digit of d(o)?
0
Let k = 1765 + -2667. Let j = 1931 + k. What is the units digit of j?
9
Suppose 148*a - 2760381 = 109*a. What is the ten thousands digit of a?
7
Suppose -17*u + 196573 = -46085. What is the tens digit of u?
7
Let j = 306 - 318. What is the thousands digit of 1/8 + 30063/(-352)*j?
1
Let d(c) = 4*c**2 + 5*c + 6. Let t be d(-1). Suppose 4*j = -3*p + 1813, -t*j + 9*j + 2*p - 1810 = 0. What is the units digit of j?
1
Suppose -13*v - 17*v = 26700. Let s = v + 1415. What is the tens digit of s?
2
What is the units digit of 5064/144*-207*2/(-3)?
3
Let a = 704 + 4535. What is the units digit of a?
9
Let t(b) = -197*b**3 - 29*b**2 - 27*b + 14. What is the tens digit of t(-4)?
6
Suppose 2*o - 26 = -4*y, -3*y + 38 = y - 2*o. What is the hundreds digit of 36/144 - 635*(-2)/y?
1
Let c(a) = -51*a + 3. Let g be c(-4). Let m be ((-278)/6)/(-1)*258/(-86). Let v = m + g. What is the tens digit of v?
6
Let d(g) = -g**2 + 215*g - 346. What is the hundreds digit of d(93)?
0
Suppose 0 = -58*t + 24*t + 136. Suppose -t*f = 3*z - 18 - 431, -565 = -5*f - 3*z. What is the hundreds digit of f?
1
Let a be 1/(56/52 + -1) + 3. Suppose 5*t + 13 = w, -2*t + 4*t = 4*w - a. Suppose -679 = -4*h - w*m - 160, 2*h - 227 = 5*m. What is the units digit of h?
6
What is the hundreds digit of (-14)/(-63)*41373 + 6/1?
2
Suppose 86*g - 70*g - 111600 = 0. What is the hundreds digit of g?
9
Suppose 3097490 = 25054*v - 24999*v. What is the units digit of v?
8
Let g be (-2592)/(-20) + (-3)/(15/(-2)). Let p = -122 + g. Suppose p*t = 3*t + 1195. What is the tens digit of t?
3
Let c(q) be the second derivative of q**4/3 - 5*q**3/3 + 6*q**2 + 3*q - 3. What is the tens digit of c(6)?
9
Suppose 103 = 33*b - 34*b. Let a = b + 101. What is the units digit of 6548/44 + 0 - a/11?
9
Let f = 224 + -225. Let q be (62/4)/((-8)/80). What is the tens digit of 6*(q/(-15) + f)?
5
Let w(r) = -r - 43. Let m be w(-46). Suppose 0 = -g - v + 1772, 4*v + 5324 = m*g + 3*v. What is the units digit of g?
4
Let f = 1 + 3. Let s be (-55)/f - (-27)/36. Let u = s + 32. What is the tens digit of u?
1
Suppose 3*k - 250 - 733 = -u, 0 = 3*u + k - 2981. Let m = -651 + u. What is the tens digit of m?
4
Let s be 5 + -3 - (-1)/1. Let c = 342 - 251. Suppose 4*d = -4, -s*q + 2*d - c = -255. What is the tens digit of q?
5
What is the tens digit of (16/22)/(-4) - 47370/(-22)?
5
Let p = -2346 + 6619. Suppose 0 = 9*d - 866 - p. What is the tens digit of d?
7
Suppose 3*p + 2*h = 1604, -488 - 1115 = -3*p - h. Let g = -348 + p. What is the units digit of g?
6
Suppose 0 = 5*q - 30, 2*p + 52958 = 7*p + 3*q. What is the hundreds digit of p?
5
Let q(s) = -11020*s**3 - 34*s**2 - 29*s + 6. What is the thousands digit of q(-1)?
1
Let i = -56 - -59. Suppose -5*k - 1694 = -0*k - m, -3*m - 1002 = i*k. Let c = -156 - k. What is the hundreds digit of c?
1
Suppose 63 = -3*g + 45. Let h be (g/(-18))/(3/36). Suppose -h + 54 = 5*o. What is the tens digit of o?
1
Let y(t) = -t**2 - 4*t. Let l(h) = 59*h**2 - 17*h - 1. Let k(d) = l(d) + 3*y(d). What is the hundreds digit of k(-2)?
2
Suppose 2*r + 3*i - 5*i = 12, -2*r + 14 = -4*i. Suppose 0 = -r*n + j + 77 + 1093, 714 = 3*n - 3*j. What is the units digit of n?
3
What is the hundreds digit of 9 - (-644)/(-70) - (-41821)/5?
3
What is the thousands digit of (-4 - -1)/(-3) - -6534?
6
Let f be (-90)/(-14) + -10*(-4)/70. Suppose -4*s + 235 = f. What is the units digit of s?
7
Let t(y) = 14*y**2 - 3*y**2 - 2 - 10*y + 10. Let o be 5 - 11 - (-2 + -7). What is the units digit of t(o)?
7
Suppose -2*p - 5*p + 28 = 0. Let x be 2/p*(0 + 552/2). Let m = x - 11. What is the tens digit of m?
2
Let l(c) = -631*c + 687. What is the tens digit of l(-24)?
3
Let o(v) = -3*v**2 + 26*v - 11. Let x be o(8). Suppose 0 = 3*s + 6*u - u - 38, -5 = -x*u. Suppose -s*p = -16*p + 110. What is the units digit of p?
2
What is the hundreds digit of ((6/(-84))/(6/(-239472)))/((-4)/(-42))?
9
Let b be 10162/12 - -5*(-2)/(-60). Suppose 449 = 3*j - b. What is the units digit of j?
2
Let k(m) = 2*m**2 + 25*m + 2. Let y be -18*((-8)/(-24))/(-1). What is the hundreds digit of k(y)?
2
Let z = 27 - 24. Suppose -765 = -3*v + z*t, 12*v - 9*v = -4*t + 737. Let w = v + -86. What is the units digit of w?
5
Suppose -2*q = 3*p - 7, 9*q = 5*q - 4*p + 12. Let i be 332/q + (2 - -1). Suppose 0 = -t + 109 + i. What is the hundreds digit of t?
2
What is the hundreds digit of ((-209776)/(-35) - -10)*(-10)/(-4)?
0
Suppose -10*n + 66 - 2636 = 0. Let o = n + 385. Suppose -2*k + o = z, -z - 2*k + 143 = -5*k. What is the units digit of z?
4
Suppose b - 35 + 20 = 0. Let w(u) = u**2 - 8*u - 26. Let r be w(b). Suppose 77*h + 274 = r*h. What is the hundreds digit of h?
1
Let n(p) = -126*p + 4. Let z be n(-2). Suppose -9*t + t + z = 0. Suppose -4*r + 3*g + 207 = 0, -r + 5*g + t + 7 = 0. What is the tens digit of r?
5
Suppose 2*n = 3*t - 141500, 3*t - 32751 = 5*n + 108725. What is the units digit of t?
2
Suppose 5*y + 6066 = 2*z - 9257, 2*y = 2. What is the hundreds digit of z?
6
Let w be 4 + 3*(-3 - -12). Suppose 0 = -w*b + 27*b + 3564. What is the hundreds digit of b?
8
Suppose 17*g = 14*g + 6. Suppose -2*o - 8 = -u, 3*u - 7 + 3 = g*o. What is the tens digit of u*(-5)/20 + 1030/4?
5
Suppose 5*r = -5*p, 4*r + 3 = -p + 12. Suppose -6*w + 2*w = r*b + 423, -4*w - b - 413 = 0. Let l = -38 - w. What is the tens digit of l?
6
Let r(z) = 2*z**2 - 20*z + 21. Let s be r(9). Suppose -304 = -s*p - 2*u, 5*p + 2*u - 506 = -2. What is the hundreds digit of p?
1
Suppose y - 14 = -0*y + 5*s, 6 = -3*s. Suppose 13*f = -y*f + 9384. What is the hundreds digit of f?
5
Suppose 6*s + 791 + 349 = 0. Let c = 391 + s. What is the tens digit of c?
0
What is the units digit of (1184898/15)/2 + 11 + 174/(-15)?
6
Suppose 50*l = 79739 + 283211. What is the hundreds digit of l?
2
Suppose -h + 28*c = 31*c - 3386, 5*h - 5*c - 16890 = 0. What is the thousands digit of h?
3
Let d = -1161 + 5778. What is the thousands digit of d?
4
Suppose 77 = 5*q + 37. What is the tens digit of 2/(q - 44970/5622)?
7
Let y = 9619 + -4654. What is the tens digit of y?
6
Let k be (-1 + 1 - -365) + -1. Suppose 2*n + 8*n + 9*n = 0. Suppose -5*p + k - 89 = n. What is the tens digit of p?
5
Let s(g) = g**3 + 122*g**2 + 1086*g - 255. What is the thousands digit of s(-111)?
4
Let w(k) be the first derivative of -3*k**4/4 + k**3/3 + 5*k**2/2 + 6*k + 1. Let t be w(-4). Suppose t + 358 = 6*j. What is the tens digit of j?
9
Suppose 268*y - 86*y - 12624248 = 0. What is the tens digit of y?
6
Let w be (1/(-1))/(-1 - 0/(-2)). Let s(g) = 134*g**2 + 6*g - 6. Let n be s(w). Let k = 238 - n. What is the hundreds digit of k?
1
Suppose -2*f - 485 = -5*q, 0 = 4*q + 3*f - 6*f - 388. Let y = 33 + q. What is the units digit of y?
0
Let d(p) = -1471*p - 41. What is the ten thousands digit of d(-11)?
1
Let p = 612 + -612. What is the tens digit of p - -411 - 46/23?
0
Suppose 2*j = 4999 + 7113. What is the thousands digit of j?
6
Let b = 720 + -1078. Let u = 678 + b. What is the tens digit of u?
2
Suppose 404*q - 857708 = 373*q. What is the units digit of q?
8
Let x(c) = -c**3 - 3*c**2 + c - 1. Let k be x(-2). Let g(p) = -9*p - 47. What is the units digit of g(